2)*-2.
35
Let q(h) = h**2 + 5. Let c be (-12 - (3 - 8))/1. What is the remainder when q(c) is divided by 15?
9
Let p(i) be the third derivative of -i**5/20 - 29*i**4/8 + 4*i**3 - 4*i**2 - 5*i. Calculate the remainder when 74 is divided by p(-29).
2
Let s(l) = -l**3 + 2*l + 1. Let n(k) = -k**2 + 119*k + 1303. Calculate the remainder when s(-4) is divided by n(-10).
5
Suppose 4*s - 2*k = 10408, 77*s - 5*k = 72*s + 13025. Calculate the remainder when s is divided by 40.
39
What is the remainder when 11020 is divided by (-52)/546 + (53472/126)/4?
102
Let h be 0/(-1) + (-41 - -162). Let j = h + -107. What is the remainder when 54 is divided by j?
12
Let k = -448 - -523. Calculate the remainder when k is divided by (-42)/4*(5 + -7).
12
Suppose -108150 + 33225 = -92*y + 11*y. What is the remainder when y is divided by 6?
1
Suppose 131 + 114 = 49*v. Suppose -775 = -4*g + v*w, -w + 3*w = -6. Calculate the remainder when g is divided by 51.
37
Suppose 2*x + 2290 = -2*z + 696, -2*z - 3182 = 4*x. Let b = x + 941. Calculate the remainder when b is divided by 6.
3
Let s(t) be the first derivative of t**4/4 - 17*t**3/3 + 8*t**2 + 31*t - 135. What is the remainder when 123 is divided by s(16)?
30
Let v be ((-42)/(-9))/2 - (-1)/(-3). Suppose v*l + n = 9, -6 = -2*l + n - 3. Calculate the remainder when 56 is divided by 5*-3*(l + -5 - -1).
11
Suppose j + 13 = -24. Let p = -13 - j. Let s = -4662 + 4676. What is the remainder when p is divided by s?
10
Let w(c) be the third derivative of 5*c**4/12 - c**3/2 - 15*c**2. Let y(a) = a**3 - 9*a**2 + 2*a + 13. What is the remainder when y(9) is divided by w(2)?
14
Let b(c) = -c**3 + 144*c**2 - 140*c - 218. Calculate the remainder when 1680 is divided by b(143).
203
Calculate the remainder when 797 is divided by 327/13 - 15/(-1170)*-12.
22
Let m be 2/((32/164)/(-4))*14. Let q = m - -586. Calculate the remainder when 44 is divided by q.
8
Let h(i) = 4*i**2 - 49*i - 77. What is the remainder when h(19) is divided by 150?
136
Let f be (-15 - -2)*(21 + -22). Let k(o) = o**3 - 11*o**2 - 28*o + 46. What is the remainder when 56 is divided by k(f)?
16
Calculate the remainder when ((-24)/6 - 24)*(-200)/28 is divided by 67 + -1*0/4.
66
Let c be (-17)/(-34) + 1/(-2). Suppose 4*p + f - 21 = c, -5*p + 3*p = 4*f - 14. Let k = 12 + p. Calculate the remainder when 33 is divided by k.
16
What is the remainder when -4 + 359 + 1/(2/(-14)) is divided by 20?
8
Let x = 39 + -36. Calculate the remainder when 17*1*(39/(-13) - -12) is divided by x + -4 + (-2 - -29).
23
Suppose 6*a + 764 = 794. Suppose -a*k + 124 = i, -2*k - 7*i + 3*i = -46. Calculate the remainder when 98 is divided by k.
23
Let g(a) be the second derivative of a**4/4 - 11*a**3/3 + 2*a**2 - 12*a. What is the remainder when g(9) is divided by 28?
21
Suppose -5*j = u - 1718, -4*j + 14*u - 19*u = -1408. What is the remainder when j is divided by 162?
18
Let n = -29 - -63. Suppose -26 + 12 = 2*q. What is the remainder when n is divided by 13 - (-6 - q)*(-2)/(-2)?
10
Suppose 20*v = 15*v - 880. Let m = v - -204. Calculate the remainder when m is divided by 15.
13
Let y = 18 + -10. Suppose 2*s + 1436 = -2*m + 1574, -m + 4*s = -114. What is the remainder when m is divided by y?
6
Let q = -527 - -607. Calculate the remainder when q is divided by 12*1 + 54/(-18).
8
Suppose -141*x = -221*x - 615*x + 483025. What is the remainder when x is divided by 42?
23
Suppose 2*x - 80 = 4*x. Let q = 1 + -2. What is the remainder when 63 is divided by (0 + q)/(5/x)?
7
Let q = 157 + -153. Suppose -3*k - 3*h - 2 = -455, q*k = -h + 604. Calculate the remainder when k is divided by 60.
31
Suppose -5*r = -m + 103, -218 = -3*m - 5*r + 91. Suppose 348 = b - u + m, -b - 2*u + 257 = 0. What is the remainder when b is divided by 28?
25
Suppose 5*z - 174 = 311. Let v = -15 + 19. Suppose p - 5*q = 4*p - 109, 130 = v*p - q. Calculate the remainder when z is divided by p.
31
Let s = 138 - 102. What is the remainder when ((-1)/(-3))/(4/984) is divided by s?
10
Let b(i) = -i - 6. Suppose 0 = 2*d + 8 + 12. Let r be b(d). Suppose -r*c - v + 312 = 3*v, 2*v = 0. Calculate the remainder when c is divided by 16.
14
Let s(p) = -p**3 + 30*p**2 + 33*p + 71. Suppose -4*a + 175 = 5*n, -2*a = -4*n - 18 + 132. Calculate the remainder when s(n) is divided by 28.
21
Suppose 3*z - 3*o - 364 = 2576, 2*z - o = 1959. Suppose 23*j = -3*l + 20*j + 738, 4*l + 3*j = z. Calculate the remainder when l is divided by 77.
10
Let y = -29175 - -29818. What is the remainder when y is divided by 69?
22
Let s = 10 + -8. Let k be (s/3)/(25/(-750)). Let g = 61 + k. Calculate the remainder when 202 is divided by g.
38
Suppose 385*b - 382*b - 4068 = 0. What is the remainder when b is divided by 62?
54
Let z(q) be the third derivative of 7*q**4/24 + 47*q**3/6 + 2*q**2 + 16*q. Calculate the remainder when 24 is divided by z(-4).
5
Suppose 0 = 15*f - 14*f - 4*a - 106, 198 = 2*f - a. What is the remainder when 71 is divided by -12*(f/(-8) + 9)?
32
Let v(d) = 7*d**2 + 99*d - 504. Calculate the remainder when v(5) is divided by 89.
77
Let s = 52 + -4. What is the remainder when (116/20 - 4)/(3/105) is divided by s?
15
Calculate the remainder when 3*((-30)/(-20) - (-590)/4) is divided by 144.
15
Suppose 2*r = 2*k + 1316, 6*r - r - 3281 = 2*k. Let n = r - 654. What is the remainder when 100 is divided by n?
0
Let q(f) = 2*f**3 + 8*f**2 - 18*f - 68. What is the remainder when 546 is divided by q(6)?
2
Let p = -32 + 37. What is the remainder when (-176)/(-12)*(4 + 6/(-6)) is divided by p?
4
Let l(n) = -2*n**2 - 27*n + 3. Let w(t) = -4*t**2 - 56*t + 7. Let j(f) = 13*l(f) - 6*w(f). What is the remainder when 4 is divided by j(-7)?
0
Let n be (2/5)/(47/(-1880)). Let w(d) = -7*d - 58. Calculate the remainder when w(n) is divided by 30.
24
Suppose -2*j = 2*c - 168, 2*j = 64*c - 62*c - 156. Suppose r - 4*z = -z + 31, -z = 1. What is the remainder when c is divided by r?
25
Suppose 2*m - 16*l + 12*l - 8 = 0, 0 = -3*m + 5*l + 12. Suppose -v + 166 = 3*p, -8*v - 92 = -2*p - m*v. What is the remainder when p is divided by 8?
6
Let d = 17880 + -17790. What is the remainder when 337 is divided by d?
67
Let p(m) = m**2 + 2*m + 3. Let x(a) = -a**2 - 59*a - 444. Let v be x(-50). Suppose -51 + 33 = -v*i. What is the remainder when p(-3) is divided by i?
0
Let w = -3774 + 3847. What is the remainder when 326 is divided by w?
34
Suppose 5*t - 3*x - 5741 = 0, 5*t - 1077 - 4670 = x. Suppose -2*m - t = -7*m. Calculate the remainder when m is divided by 24.
14
Suppose 334*v - 332*v + 2*b = 32, -v + 28 = -2*b. Calculate the remainder when 3250 is divided by v.
10
Let d(m) be the third derivative of m**4/24 + 6*m**3 + 51*m**2. Calculate the remainder when 256 is divided by d(-10).
22
Suppose -12*s = -7*s + 120. Let b be ((-117)/(-5))/(s/(-80)). Let f = b + -72. Calculate the remainder when 23 is divided by f.
5
Let r(y) = 22*y**2 - 16*y - 134. Let t be r(-6). Suppose p = -4*f + t - 127, 4*f = 4*p + 652. What is the remainder when f is divided by 18?
14
Suppose -372*r + 6106 + 6914 = 0. Let j = -30 - -110. What is the remainder when j is divided by r?
10
Let p = 23 + -7. Suppose -3*t - 4*v - p + 52 = 0, t + 1 = 3*v. Calculate the remainder when -2 + 23 + 0 + 0 is divided by t.
5
Let z be (-23)/4 - (-17)/(-68). Calculate the remainder when (6/4 - 0)/((-3)/z) is divided by 1 + -3*1 - -3.
0
What is the remainder when 2/(8/20) - 4*223/(-4) is divided by 55?
8
Let s = 109 + -106. Suppose q = 20 - s. Calculate the remainder when 574 is divided by q.
13
Let s(v) = -v**2 - 298*v + 22773. Let r = 161 + -45. What is the remainder when r is divided by s(63)?
26
Let q be 4 - 3 - -25 - (2 - 0). Let c = q - 20. Suppose -l = -c*u + 74, 2*u - 49 = 2*l - 9. What is the remainder when 32 is divided by u?
14
Let b(u) = u**2 - 9*u - 150. Let l be b(22). Suppose -1450 = -l*m + 126*m. What is the remainder when m is divided by 38?
31
Let o(q) = 2*q**2 + 45*q + 24. Let k be o(-22). Suppose k*b + 2*d - 324 = 0, -6*b = -3*b - d - 494. What is the remainder when b is divided by 42?
38
Let n = -72 + 37. Let f = n + 60. Suppose -5*u = -5*l + f, -l = l + 4*u - 16. Calculate the remainder when 11 is divided by l.
5
Suppose -82*p + 6375 + 6499 = 0. Calculate the remainder when p is divided by 48.
13
Let z(t) = -3*t